{"id":5252,"date":"2015-05-27T08:37:36","date_gmt":"2015-05-27T07:37:36","guid":{"rendered":"http:\/\/buero4.ch\/?post_type=projekte&#038;p=5252"},"modified":"2022-12-06T16:06:12","modified_gmt":"2022-12-06T15:06:12","slug":"raum-und-garten","status":"publish","type":"projekte","link":"https:\/\/buero4.ch\/en\/projekte\/raum-und-garten\/","title":{"rendered":"Raum und Garten"},"content":{"rendered":"<p>Raum und Garten structures living environment and makes it bloom and grow. Versatile, colorful and enriching. That&#8217;s obvious.<\/p>","protected":false},"author":3,"featured_media":5264,"menu_order":188,"template":"","bereich":[6],"class_list":["post-5252","projekte","type-projekte","status-publish","has-post-thumbnail","hentry","bereich-corporate-design"],"acf":[],"yoast_head":"<!-- This site is optimized with the Yoast SEO plugin v27.4 - https:\/\/yoast.com\/product\/yoast-seo-wordpress\/ -->\n<title>Raum und Garten - Corporate Identity - B\u00fcro4 Gestaltung + Kommunikation, Z\u00fcrich<\/title>\n<meta name=\"description\" content=\"Raum und Garten strukturiert Lebensr\u00e4ume und l\u00e4sst sie erbl\u00fchen und wachsen. Vielf\u00e4ltig, bunt und bereichernd. Das ist un\u00fcbersehbar.\" \/>\n<meta name=\"robots\" content=\"index, follow, max-snippet:-1, max-image-preview:large, max-video-preview:-1\" \/>\n<link rel=\"canonical\" href=\"https:\/\/buero4.ch\/en\/projekte\/raum-und-garten\/\" \/>\n<meta property=\"og:locale\" content=\"en_US\" \/>\n<meta property=\"og:type\" content=\"article\" \/>\n<meta property=\"og:title\" content=\"Raum und Garten - Corporate Identity - B\u00fcro4 Gestaltung + Kommunikation, Z\u00fcrich\" \/>\n<meta property=\"og:description\" content=\"Raum und Garten strukturiert Lebensr\u00e4ume und l\u00e4sst sie erbl\u00fchen und wachsen. Vielf\u00e4ltig, bunt und bereichernd. Das ist un\u00fcbersehbar.\" \/>\n<meta property=\"og:url\" content=\"https:\/\/buero4.ch\/en\/projekte\/raum-und-garten\/\" \/>\n<meta property=\"og:site_name\" content=\"B\u00fcro4\" \/>\n<meta property=\"article:modified_time\" content=\"2022-12-06T15:06:12+00:00\" \/>\n<meta property=\"og:image\" content=\"https:\/\/buero4.ch\/cms\/wp-content\/uploads\/RaumGarten-thumbnail-600x4001.jpg\" \/>\n\t<meta property=\"og:image:width\" content=\"600\" \/>\n\t<meta property=\"og:image:height\" content=\"400\" \/>\n\t<meta property=\"og:image:type\" content=\"image\/jpeg\" \/>\n<script type=\"application\/ld+json\" class=\"yoast-schema-graph\">{\"@context\":\"https:\\\/\\\/schema.org\",\"@graph\":[{\"@type\":\"WebPage\",\"@id\":\"https:\\\/\\\/buero4.ch\\\/en\\\/projekte\\\/raum-und-garten\\\/\",\"url\":\"https:\\\/\\\/buero4.ch\\\/en\\\/projekte\\\/raum-und-garten\\\/\",\"name\":\"Raum und Garten - Corporate Identity - B\u00fcro4 Gestaltung + Kommunikation, Z\u00fcrich\",\"isPartOf\":{\"@id\":\"https:\\\/\\\/buero4.ch\\\/en\\\/#website\"},\"primaryImageOfPage\":{\"@id\":\"https:\\\/\\\/buero4.ch\\\/en\\\/projekte\\\/raum-und-garten\\\/#primaryimage\"},\"image\":{\"@id\":\"https:\\\/\\\/buero4.ch\\\/projekte\\\/raum-und-garten\\\/#primaryimage\"},\"thumbnailUrl\":\"https:\\\/\\\/buero4.ch\\\/cms\\\/wp-content\\\/uploads\\\/RaumGarten-thumbnail-600x4001.jpg\",\"datePublished\":\"2015-05-27T07:37:36+00:00\",\"dateModified\":\"2022-12-06T15:06:12+00:00\",\"description\":\"Raum und Garten strukturiert Lebensr\u00e4ume und l\u00e4sst sie erbl\u00fchen und wachsen. Vielf\u00e4ltig, bunt und bereichernd. Das ist un\u00fcbersehbar.\",\"breadcrumb\":{\"@id\":\"https:\\\/\\\/buero4.ch\\\/en\\\/projekte\\\/raum-und-garten\\\/#breadcrumb\"},\"inLanguage\":\"en-US\",\"potentialAction\":[{\"@type\":\"ReadAction\",\"target\":[[\"https:\\\/\\\/buero4.ch\\\/en\\\/projekte\\\/raum-und-garten\\\/\"]]}]},{\"@type\":\"ImageObject\",\"inLanguage\":\"en-US\",\"@id\":\"https:\\\/\\\/buero4.ch\\\/en\\\/projekte\\\/raum-und-garten\\\/#primaryimage\",\"url\":\"https:\\\/\\\/buero4.ch\\\/cms\\\/wp-content\\\/uploads\\\/RaumGarten-thumbnail-600x4001.jpg\",\"contentUrl\":\"https:\\\/\\\/buero4.ch\\\/cms\\\/wp-content\\\/uploads\\\/RaumGarten-thumbnail-600x4001.jpg\",\"width\":600,\"height\":400},{\"@type\":\"BreadcrumbList\",\"@id\":\"https:\\\/\\\/buero4.ch\\\/en\\\/projekte\\\/raum-und-garten\\\/#breadcrumb\",\"itemListElement\":[{\"@type\":\"ListItem\",\"position\":1,\"name\":\"Home\",\"item\":\"https:\\\/\\\/buero4.ch\\\/en\\\/\"},{\"@type\":\"ListItem\",\"position\":2,\"name\":\"Raum und Garten\"}]},{\"@type\":\"WebSite\",\"@id\":\"https:\\\/\\\/buero4.ch\\\/en\\\/#website\",\"url\":\"https:\\\/\\\/buero4.ch\\\/en\\\/\",\"name\":\"B\u00fcro4\",\"description\":\"Gestaltung + Kommunikation, Z\u00fcrich\",\"potentialAction\":[{\"@type\":\"SearchAction\",\"target\":{\"@type\":\"EntryPoint\",\"urlTemplate\":\"https:\\\/\\\/buero4.ch\\\/en\\\/?s={search_term_string}\"},\"query-input\":{\"@type\":\"PropertyValueSpecification\",\"valueRequired\":true,\"valueName\":\"search_term_string\"}}],\"inLanguage\":\"en-US\"}]}<\/script>\n<!-- \/ Yoast SEO plugin. -->","yoast_head_json":{"title":"Raum und Garten - Corporate Identity - B\u00fcro4 Gestaltung + Kommunikation, Z\u00fcrich","description":"Raum und Garten strukturiert Lebensr\u00e4ume und l\u00e4sst sie erbl\u00fchen und wachsen. Vielf\u00e4ltig, bunt und bereichernd. Das ist un\u00fcbersehbar.","robots":{"index":"index","follow":"follow","max-snippet":"max-snippet:-1","max-image-preview":"max-image-preview:large","max-video-preview":"max-video-preview:-1"},"canonical":"https:\/\/buero4.ch\/en\/projekte\/raum-und-garten\/","og_locale":"en_US","og_type":"article","og_title":"Raum und Garten - Corporate Identity - B\u00fcro4 Gestaltung + Kommunikation, Z\u00fcrich","og_description":"Raum und Garten strukturiert Lebensr\u00e4ume und l\u00e4sst sie erbl\u00fchen und wachsen. Vielf\u00e4ltig, bunt und bereichernd. Das ist un\u00fcbersehbar.","og_url":"https:\/\/buero4.ch\/en\/projekte\/raum-und-garten\/","og_site_name":"B\u00fcro4","article_modified_time":"2022-12-06T15:06:12+00:00","og_image":[{"width":600,"height":400,"url":"https:\/\/buero4.ch\/cms\/wp-content\/uploads\/RaumGarten-thumbnail-600x4001.jpg","type":"image\/jpeg"}],"schema":{"@context":"https:\/\/schema.org","@graph":[{"@type":"WebPage","@id":"https:\/\/buero4.ch\/en\/projekte\/raum-und-garten\/","url":"https:\/\/buero4.ch\/en\/projekte\/raum-und-garten\/","name":"Raum und Garten - Corporate Identity - B\u00fcro4 Gestaltung + Kommunikation, Z\u00fcrich","isPartOf":{"@id":"https:\/\/buero4.ch\/en\/#website"},"primaryImageOfPage":{"@id":"https:\/\/buero4.ch\/en\/projekte\/raum-und-garten\/#primaryimage"},"image":{"@id":"https:\/\/buero4.ch\/projekte\/raum-und-garten\/#primaryimage"},"thumbnailUrl":"https:\/\/buero4.ch\/cms\/wp-content\/uploads\/RaumGarten-thumbnail-600x4001.jpg","datePublished":"2015-05-27T07:37:36+00:00","dateModified":"2022-12-06T15:06:12+00:00","description":"Raum und Garten strukturiert Lebensr\u00e4ume und l\u00e4sst sie erbl\u00fchen und wachsen. Vielf\u00e4ltig, bunt und bereichernd. Das ist un\u00fcbersehbar.","breadcrumb":{"@id":"https:\/\/buero4.ch\/en\/projekte\/raum-und-garten\/#breadcrumb"},"inLanguage":"en-US","potentialAction":[{"@type":"ReadAction","target":[["https:\/\/buero4.ch\/en\/projekte\/raum-und-garten\/"]]}]},{"@type":"ImageObject","inLanguage":"en-US","@id":"https:\/\/buero4.ch\/en\/projekte\/raum-und-garten\/#primaryimage","url":"https:\/\/buero4.ch\/cms\/wp-content\/uploads\/RaumGarten-thumbnail-600x4001.jpg","contentUrl":"https:\/\/buero4.ch\/cms\/wp-content\/uploads\/RaumGarten-thumbnail-600x4001.jpg","width":600,"height":400},{"@type":"BreadcrumbList","@id":"https:\/\/buero4.ch\/en\/projekte\/raum-und-garten\/#breadcrumb","itemListElement":[{"@type":"ListItem","position":1,"name":"Home","item":"https:\/\/buero4.ch\/en\/"},{"@type":"ListItem","position":2,"name":"Raum und Garten"}]},{"@type":"WebSite","@id":"https:\/\/buero4.ch\/en\/#website","url":"https:\/\/buero4.ch\/en\/","name":"B\u00fcro4","description":"Gestaltung + Kommunikation, Z\u00fcrich","potentialAction":[{"@type":"SearchAction","target":{"@type":"EntryPoint","urlTemplate":"https:\/\/buero4.ch\/en\/?s={search_term_string}"},"query-input":{"@type":"PropertyValueSpecification","valueRequired":true,"valueName":"search_term_string"}}],"inLanguage":"en-US"}]}},"_links":{"self":[{"href":"https:\/\/buero4.ch\/en\/wp-json\/wp\/v2\/projekte\/5252","targetHints":{"allow":["GET"]}}],"collection":[{"href":"https:\/\/buero4.ch\/en\/wp-json\/wp\/v2\/projekte"}],"about":[{"href":"https:\/\/buero4.ch\/en\/wp-json\/wp\/v2\/types\/projekte"}],"author":[{"embeddable":true,"href":"https:\/\/buero4.ch\/en\/wp-json\/wp\/v2\/users\/3"}],"version-history":[{"count":49,"href":"https:\/\/buero4.ch\/en\/wp-json\/wp\/v2\/projekte\/5252\/revisions"}],"predecessor-version":[{"id":5258,"href":"https:\/\/buero4.ch\/en\/wp-json\/wp\/v2\/projekte\/5252\/revisions\/5258"}],"wp:featuredmedia":[{"embeddable":true,"href":"https:\/\/buero4.ch\/en\/wp-json\/wp\/v2\/media\/5264"}],"wp:attachment":[{"href":"https:\/\/buero4.ch\/en\/wp-json\/wp\/v2\/media?parent=5252"}],"wp:term":[{"taxonomy":"bereich","embeddable":true,"href":"https:\/\/buero4.ch\/en\/wp-json\/wp\/v2\/bereich?post=5252"}],"curies":[{"name":"wp","href":"https:\/\/api.w.org\/{rel}","templated":true}]}}

<!-- This site is optimized with the Yoast SEO plugin v27.4 - https://yoast.com/product/yoast-seo-wordpress/ -->
<title>Raum und Garten - Corporate Identity - Büro4 Gestaltung + Kommunikation, Zürich</title>
<meta name="description" content="Raum und Garten strukturiert Lebensräume und lässt sie erblühen und wachsen. Vielfältig, bunt und bereichernd. Das ist unübersehbar." />
<meta name="robots" content="index, follow, max-snippet:-1, max-image-preview:large, max-video-preview:-1" />
<link rel="canonical" href="https://buero4.ch/en/projekte/raum-und-garten/" />
<meta property="og:locale" content="en_US" />
<meta property="og:type" content="article" />
<meta property="og:title" content="Raum und Garten - Corporate Identity - Büro4 Gestaltung + Kommunikation, Zürich" />
<meta property="og:description" content="Raum und Garten strukturiert Lebensräume und lässt sie erblühen und wachsen. Vielfältig, bunt und bereichernd. Das ist unübersehbar." />
<meta property="og:url" content="https://buero4.ch/en/projekte/raum-und-garten/" />
<meta property="og:site_name" content="Büro4" />
<meta property="article:modified_time" content="2022-12-06T15:06:12+00:00" />
<meta property="og:image" content="https://buero4.ch/cms/wp-content/uploads/RaumGarten-thumbnail-600x4001.jpg" />
	<meta property="og:image:width" content="600" />
	<meta property="og:image:height" content="400" />
	<meta property="og:image:type" content="image/jpeg" />
<script type="application/ld+json" class="yoast-schema-graph">{"@context":"https:\/\/schema.org","@graph":[{"@type":"WebPage","@id":"https:\/\/buero4.ch\/en\/projekte\/raum-und-garten\/","url":"https:\/\/buero4.ch\/en\/projekte\/raum-und-garten\/","name":"Raum und Garten - Corporate Identity - Büro4 Gestaltung + Kommunikation, Zürich","isPartOf":{"@id":"https:\/\/buero4.ch\/en\/#website"},"primaryImageOfPage":{"@id":"https:\/\/buero4.ch\/en\/projekte\/raum-und-garten\/#primaryimage"},"image":{"@id":"https:\/\/buero4.ch\/projekte\/raum-und-garten\/#primaryimage"},"thumbnailUrl":"https:\/\/buero4.ch\/cms\/wp-content\/uploads\/RaumGarten-thumbnail-600x4001.jpg","datePublished":"2015-05-27T07:37:36+00:00","dateModified":"2022-12-06T15:06:12+00:00","description":"Raum und Garten strukturiert Lebensräume und lässt sie erblühen und wachsen. Vielfältig, bunt und bereichernd. Das ist unübersehbar.","breadcrumb":{"@id":"https:\/\/buero4.ch\/en\/projekte\/raum-und-garten\/#breadcrumb"},"inLanguage":"en-US","potentialAction":[{"@type":"ReadAction","target":[["https:\/\/buero4.ch\/en\/projekte\/raum-und-garten\/"]]}]},{"@type":"ImageObject","inLanguage":"en-US","@id":"https:\/\/buero4.ch\/en\/projekte\/raum-und-garten\/#primaryimage","url":"https:\/\/buero4.ch\/cms\/wp-content\/uploads\/RaumGarten-thumbnail-600x4001.jpg","contentUrl":"https:\/\/buero4.ch\/cms\/wp-content\/uploads\/RaumGarten-thumbnail-600x4001.jpg","width":600,"height":400},{"@type":"BreadcrumbList","@id":"https:\/\/buero4.ch\/en\/projekte\/raum-und-garten\/#breadcrumb","itemListElement":[{"@type":"ListItem","position":1,"name":"Home","item":"https:\/\/buero4.ch\/en\/"},{"@type":"ListItem","position":2,"name":"Raum und Garten"}]},{"@type":"WebSite","@id":"https:\/\/buero4.ch\/en\/#website","url":"https:\/\/buero4.ch\/en\/","name":"Büro4","description":"Gestaltung + Kommunikation, Zürich","potentialAction":[{"@type":"SearchAction","target":{"@type":"EntryPoint","urlTemplate":"https:\/\/buero4.ch\/en\/?s={search_term_string}"},"query-input":{"@type":"PropertyValueSpecification","valueRequired":true,"valueName":"search_term_string"}}],"inLanguage":"en-US"}]}</script>
<!-- / Yoast SEO plugin. -->

Raum und Garten - Corporate Identity - Büro4 Gestaltung + Kommunikation, Zürich

Raum und Garten strukturiert Lebensräume und lässt sie erblühen und wachsen. Vielfältig, bunt und bereichernd. Das ist unübersehbar.

Büro4

Gestaltung + Kommunikation, Zürich
